 x(7). Let m(k) = k**2 + 6*k - 10. Let z(d) = s*m(d) + 6*w(d). Calculate z(-7).
-3
Let b(q) = 1 + 3 + 0*q - q**3 + 3*q**2 - 3*q. Let m(k) be the third derivative of k**6/120 + k**5/30 - k**4/8 + k**3/2 - k**2. Let p be m(-3). Calculate b(p).
-5
Let z(s) be the first derivative of -2*s**3/3 - 5*s**2/2 + 4*s + 4. Suppose 3*o - 4*o = 0. Suppose 0 = -4*d - o*d - 16. Calculate z(d).
-8
Let g(l) = 7*l + 0*l**2 - 7 - l - l**2. Let n(w) = w**2 - 6*w - 6. Let f be n(8). Suppose -2*r = -0 - f. Give g(r).
-2
Let x(t) = 13 - 27 + 10 - t. Determine x(-3).
-1
Suppose -a + 0*a = 4*i + 22, -3*a - 26 = 2*i. Let z(f) = -f**2 - 6*f + 5. Give z(a).
5
Suppose 3 = -5*q - 2. Let v = 1 + 11. Let f(j) = v*j**2 - 1 + 0*j + 4*j - 5*j. Determine f(q).
12
Let o(t) = t**3 - 6. Let r = 4 + -4. Suppose -z - z = r. Let a be z/2 + -6 + 6. Give o(a).
-6
Let h(j) be the third derivative of j**7/2520 + j**6/180 - j**5/120 - j**4/8 + 4*j**2. Let w(o) be the second derivative of h(o). Give w(-4).
-1
Let c(h) = h**3 + 2*h**2 - h - 4. Suppose o + 15 = -3*b, 2*b - b + 13 = -3*o. What is c(o)?
-10
Let m(c) = -2*c + 4. Let v(x) = -7*x. Let z be v(1). What is m(z)?
18
Let s = -6 + 7. Let t(g) be the second derivative of 5*g**4/12 - g**3/3 + g**2/2 - 4*g. What is t(s)?
4
Suppose 3*d - 7*d = -24. Let z(w) = w + 4. Determine z(d).
10
Let t(f) = -f**3 + 4*f**2 - f. Let h(u) = u**3 + u**2. Let w be h(1). Calculate t(w).
6
Let g(c) be the third derivative of c**5/60 + c**3/6 - 10*c**2. What is g(2)?
5
Let o = -1 + 5. Let j(h) be the third derivative of 0*h - 1/60*h**5 + h**2 + 5/24*h**4 + 1/3*h**3 + 0. Calculate j(o).
6
Suppose 0 = -2*d - 2*h - 6, 0*d - 3*d - 5*h - 17 = 0. Let l(c) = -8*c - 4. Let j(m) = 1. Let o(u) = d*l(u) + 5*j(u). Calculate o(1).
-7
Let w(p) = p**2 + 5*p - 8. Let y be w(-7). Let a be ((-3)/y*10)/(-1). Let z(b) = 0 - a*b + 1 - 1 + b**2 + 5. Determine z(4).
1
Let z(b) = -b**3 - b**2 + 3*b - 1. Suppose 0 = 17*k - 22*k + 10. Give z(k).
-7
Let w(l) be the third derivative of l**6/120 + 7*l**5/60 + l**4/6 - 4*l**3/3 - 5*l**2. Give w(-6).
4
Let k(h) = 34 + 4*h + 0*h - 33 + 3*h**2 - 2*h**2. What is k(-5)?
6
Let z(w) = -w + 0 + 0 + 2. Determine z(-5).
7
Let f(k) be the first derivative of -2/3*k**3 + 0*k**2 + 1 - 1/4*k**4 - k. Suppose -5*r = -r + 8. What is f(r)?
-1
Let b(d) = -d**2 + 3*d - 4. Let u(k) = -k + 17. Let w be u(14). What is b(w)?
-4
Let s(z) = 5*z. Let c(i) = 1 + 0 + 1 - i. Let t be c(2). Let w = t + -1. Determine s(w).
-5
Suppose 0*i - 4 = 2*i. Let t(w) = -w**2. Suppose -4*a + 3*a = 3. Let g(r) = -r**2 + r + 1. Let y(m) = a*g(m) + 5*t(m). What is y(i)?
-5
Let j = 6 - -1. Let p(x) = -x + 2. Let b be p(5). Let d = j + b. Let l(n) = 3*n - 6. Determine l(d).
6
Let w(x) be the first derivative of x**7/840 - x**6/360 + x**5/120 + x**4/8 + 2*x**3/3 + 2. Let m(k) be the third derivative of w(k). What is m(0)?
3
Let r(z) be the third derivative of 0*z + 0 + 1/24*z**4 - 1/20*z**5 - 1/6*z**3 + 3*z**2. Calculate r(1).
-3
Suppose 6 = -2*u, -3*q + 2*u - 6*u = 0. Let r(g) = 1 - q*g**2 + 1 + 4*g**3 + 1 - 3*g**3. Give r(3).
-6
Suppose 0 = -4*l - 4, k - 5*l + l = 9. Let t(a) = -152*a - 145*a + 5 + 301*a - a**2. Determine t(k).
0
Suppose 3*d = 4*a - 13, a - 4*d - 12 = -3*a. Let t(g) = -2*g - g**2 + 0*g**2 - 5 + 2*g**2. Determine t(a).
3
Suppose 0 = 3*r - f - 4 + 1, -3*r + 4*f = -3. Let v = 0 - r. Let n(z) be the second derivative of 3*z**5/10 + 4*z. What is n(v)?
-6
Let b(s) = s**2 + 2*s - 15. Let t be b(-5). Let q(p) = -2*p + 2. Give q(t).
2
Let f(j) be the third derivative of j**6/360 - j**5/30 + j**4/24 - j**3/3 - 4*j**2. Let c(i) be the first derivative of f(i). What is c(5)?
6
Let a = 60 - 58. Let v(l) = 2 - 5 - 2*l**2 + 0 + 4*l. What is v(a)?
-3
Let f = 1 + -1. Let t be (-2)/4*f/2. Let l(z) = 10 + 3 + 2 + z - 6. What is l(t)?
9
Let x(f) = -3*f + 6. Suppose 5*g - 2*k + 8 = 4*g, -4*k = 4*g - 4. Let w = 3 - g. Give x(w).
-9
Let r(m) be the third derivative of -m**4/24 - m**2. What is r(6)?
-6
Let r(w) be the third derivative of w**4/24 + 3*w**3/2 - 38*w**2. Calculate r(0).
9
Let h(l) be the first derivative of l**2/2 + 2*l - 6. What is h(-5)?
-3
Let p(z) be the third derivative of -z**9/60480 - z**8/20160 + z**6/720 + z**5/30 - 3*z**2. Let a(s) be the third derivative of p(s). Give a(0).
1
Suppose 3*i - 2*i = -5*q + 6, 3*q - 4 = -i. Let m be (-3 + 2)*2 - i. Let x(b) = 0*b**3 - 2*b + b**3 - 3*b**2 - 2*b**3 + 0*b**3. Calculate x(m).
6
Let i(y) = -y**3 - 2*y**2 - 4*y + 11. Let t(j) = j**3 + j**2 + 4*j - 12. Let l(d) = 5*i(d) + 4*t(d). Suppose 0*f + 15 = -3*f. Give l(f).
2
Let q(c) be the first derivative of -c**6/360 - c**5/40 + c**4/24 - c**3 + 1. Let s(r) be the third derivative of q(r). Give s(-4).
-3
Let m be 3/(-1) - (2 - 0). Let l(p) = -p**3 - 6*p**2 - 5*p + 3. Give l(m).
3
Let x(h) = h**3 - h**2 - 6*h + 10. Let w be x(2). Let j(s) be the second derivative of -1/6*s**3 + 0 - w*s**2 + s. Give j(-5).
1
Suppose 0 = -2*k + 6*k + 28. Let d(o) = -o - 10. What is d(k)?
-3
Let k(h) = -h**3 + 4*h**2 - 4. Let s = 5 + -2. Suppose s*c - 5 = -2*w, 0 = 4*c + c + 2*w - 15. Suppose -c*x = 2 - 17. Determine k(x).
5
Let c(f) = f**3 - 2*f**2 + f - 2. Suppose 0 = 3*m - 5*m + 8. Suppose -3*n + 4*j = -22, m*j = -3*n + 5*n - 20. Give c(n).
0
Suppose -5*w - 43 = -18. Let s(t) = 2 + 2 + 5*t - 2*t - 2*t. What is s(w)?
-1
Let q be ((-4)/5)/((-10)/(-25)). Let t be -2*2*q/(-4). Let s(d) = 0 + d**3 + 0 + d**2 + d. Determine s(t).
-6
Suppose -3*k = 2*k - 10. Let x(y) = 0*y**2 + 2*y + 0*y**2 - y + y**k + 4. What is x(0)?
4
Let h = 7 + -4. Let r(a) = 4*a - 5. Let m(k) = 10*k - 6. Let v(l) = 21*l - 12. Let n(w) = -13*m(w) + 6*v(w). Let s(y) = -2*n(y) - 3*r(y). Give s(h).
-9
Let v(h) = -2 + 14*h - 26*h + 11*h. What is v(-3)?
1
Let z(l) = -l**2 + 2*l + 3. Let f be (-6 - -10) + 1*-2. Suppose -f*i + 6 = -4*h, h + 5*i = 3 + 1. Let a be 5 - 3 - (-1 + h). What is z(a)?
-5
Let l(j) be the second derivative of 0 + 0*j**2 + 3*j + 0*j**3 + 7/12*j**4. What is l(1)?
7
Let x be (-63)/(-12) + 9/12. Let r(s) = s**2 - 6*s - 7. What is r(x)?
-7
Suppose -w = -4*j + 16, -3*w - j - 13 = -4. Let r(c) be the second derivative of 0 + 1/6*c**3 + 1/2*c**2 - c. Determine r(w).
-3
Let h(f) = 5*f + 2*f**2 - 42*f**3 - 3 - 5*f**2 + 41*f**3 + 6. Calculate h(-3).
-12
Let p(k) be the first derivative of -6*k - 1/3*k**3 - 2 - 5/2*k**2. Calculate p(-5).
-6
Let a(c) = -12*c + 1. Let f(u) = -6*u**2 - 2. Let o be f(0). Determine a(o).
25
Let q(w) = -8*w**2 - 3 + 6*w + 7*w**2 - 3. Determine q(4).
2
Suppose b = -2*b + 9. Let h(c) = c**2 + 2*c**b + 10*c**3 - 2*c**3 + 2*c - 3*c. Determine h(1).
10
Let u(a) = -a**3 + 5*a**2 - 6. Suppose o - 5 = -2. Let y(b) = -b**3 + 4*b**2 - b - 1. Let s be y(o). What is u(s)?
-6
Let n(k) = -12*k**2 - 1. Let q(z) = z**3 + 6*z**2 - z - 5. Let m = -8 - -2. Let h be q(m). Determine n(h).
-13
Let k be 0/3 - (0 - -3). Let w(r) be the third derivative of -5*r**4/24 + 5*r**3/6 - 5*r**2. Let g(n) = 4*n - 5. Let a(d) = k*w(d) - 4*g(d). Give a(4).
1
Let j(u) be the second derivative of u**4/6 + u**3/6 - u**2/2 - 28*u. Determine j(-2).
5
Let b = -142 + 137. Let j(u) = u**2 + 1 - 2*u + 8*u + u. What is j(b)?
-9
Let d = 20 + -10. Let s be 16/2*5/d. Let v(p) = 0 - 2 + p**3 - 1 - p - 4*p**2. Determine v(s).
-7
Let s = 1 + -6. Let t = -1 - s. Let j(u) = -2*u + 5. Let n be j(t). Let l(b) = b**2 + 2*b - 3. What is l(n)?
0
Let y(n) be the first derivative of 6 + 3*n - 1/2*n**2. Determine y(3).
0
Suppose -u - 4*h + h - 9 = 0, 0 = 4*h + 8. Let o(v) = 3*v**2 + 2*v - 1. Let l(z) = -2*z**2 - 2*z. Let p(q) = 4*l(q) + 3*o(q). What is p(u)?
12
Let d(s) be the first derivative of s**3/3 - 4*s**2 + 3*s - 2. Let o be d(8). Let t(q) = 2*q - 3*q**o + 2*q**3 - q. Determine t(2).
-6
Let s(n) = -n**3 - n**2 - 1. Let l(u) = -2*u**3 - 7*u**2 + 8*u + 4. Let x(y) = l(y) - s(y). Suppose 56 = 9*v - 17*v. Calculate x(v).
-2
Suppose -22*j - 112 = -2. Suppose -x = -2*x + 3. Let b(m) = -6*m - x - 4 + 4*m. Calculate b(j).
3
Let m(f) be the second derivative of 5*f**3/6 - f**2/2 - 7*f. Determine m(-1).
-6
Let p be ((-5)/(-4))/((-1)/(-4)). Let j(h) = -2*h - 8 + h + p*h + h**2. Calculate j(-6).
4
Let r(j) = -43*j**3 + 11*j**2 + 2*j - 7. Let i(h) = 21*h**3 - 5*h**2 - h + 3. Let u(g) = -9*i(g) - 4*r(g). What is u(-1)?
18
Let q(h) = -6*h + 54. Let o be q(10). Let m(n) 